 -142 + -385)
129
What is (126 - 4) + -11 + (1 - -20) + 178 + -192?
118
What is -14 - ((-7383 - -7397) + (2 - -38 - -2) + 2)?
-72
Calculate 90 - 321 - -171 - (10 - -2).
-72
-16 + (-1 - 11 - -20 - -9) + 72
73
Calculate (-109 - 3 - 2) + (7 - (-35 + -10 + 51)).
-113
What is 34 - 16 - -140 - (-17 - (20 - 49))?
146
What is -122 + -1 + -12 + (-2103 - -2153)?
-85
What is the value of 33 + (-8 + -115 - -20) + 13?
-57
Calculate 14 - (-49 - -30 - -32).
1
What is (-7 - -4 - (1 - (11 + 58) - 11)) + 2?
78
What is (-5 + 2 - (-2 - -1)) + (79 - (39 - 59))?
97
What is 24 + (-34 - -22 - 10) + 6?
8
What is the value of -40 - (-10 + (-9 - -6) + 20) - -14?
-33
51 - 112 - (-18 + 18 - -3)
-64
What is (-1504 - -1467) + 2 + 94?
59
Evaluate -90 + 159 - 85 - (14 - 2).
-28
(-12 - -11 - -7 - (11 + -2)) + -1
-4
What is the value of (0 + 17 - (35 - (-36 - 32))) + -2?
-88
What is -5 - -17 - -6 - (-51 - -27)?
42
What is the value of 28 - (-20 + 12 - (-21 - 1))?
14
Evaluate 5 + (3 - 4 - 14) + (51 - -5 - 0).
46
What is 25 - (65 - 40 - (0 - 2)) - (0 - -58)?
-60
17 + (-16 - (-57 + 81))
-23
Evaluate 114 + -19 - (-21 - (-14 + 2 - -3)).
107
Calculate -38 + 4 + 26 + (-7 - (4 + 11)).
-30
Evaluate -11 + (43 - (-14 + (19 - 14))).
41
What is -31825 + 31822 + 2 + -1 + (-1 - -50)?
47
Evaluate -44 + -29 + 68 + -18.
-23
What is the value of 0 + 11 + -26 + 105 + -54?
36
What is the value of (-6 - (7 + -6)) + -23 + 17?
-13
16 + -26 + 91 + -69
12
Calculate (7 - (-10 - 28 - -9)) + 5.
41
153 - 152 - (-76 + (2 - 2) + (4 - 1))
74
Calculate (1 - -91 - (-469 - -493)) + 1.
69
What is (-6 - -1 - (-54 + 69 + -34) - 125) + 11?
-100
What is the value of -77 + -60 - (0 + 3)?
-140
Calculate 1 - -6 - ((-71 - -27) + (4 - 2 - 3)).
52
Calculate 2283 + -2278 + -1 + 1 + 24.
29
Evaluate -6 + -11 + (-2 - 3) + 82 - -10.
70
(-716 - -776) + (-70 - 1)
-11
What is 9 + 7 + 1 + -12 + 81?
86
Calculate (-12 - (-21 - (-40 - (-18 + -5)))) + 2 + 1.
-5
What is -364 + 357 + (-2 - -6) + (2 + 0 - -33)?
32
Calculate -53 + (-5 - -14) + 13 + -19 + 6.
-44
Calculate -23 + -9 + 63 + -59.
-28
Calculate 12 + -109 - (3 - 2) - (-1265 + 1272).
-105
Calculate 42 + (-21 - -13) + 9 + -9.
34
What is the value of -70 + (-2 - 8) + 6 + (-4 + 12 - 9)?
-75
What is the value of -2 + ((117 - 64) + -57 - (2 - (1 + 75)))?
68
Calculate -3 + 59 + -46 + 2 + -4 + 3.
11
Calculate 549 + -434 - (118 + -1).
-2
Evaluate -76 + -19 + 107 + (-3 - (4 + -19)).
24
What is the value of 34 + -44 + (108 - 67)?
31
What is the value of (-21 + 1 - (52 + -70)) + 6 + 67?
71
Evaluate (21 - 145) + -6 - -66.
-64
Calculate -144 + (45 - (-46 + 10)).
-63
Evaluate 70 + (-72 - -71 - 73).
-4
Calculate (2 - 0) + 18 + -15 + (-14 + 17 - 47).
-39
-55 + 28 + -7 - -21 - (0 + -37)
24
Evaluate 0 + -5 + (-49 - -7) + (1 - -3) + 4.
-39
Calculate (37 - 33 - 37) + 104.
71
Evaluate -20005 + 20011 - (-29 + -2 + 2).
35
Calculate -3 + -1 + 251 + -130 + -11.
106
Evaluate (6 - 0 - 33) + -34 + 49 - (24 - -3).
-39
What is the value of 37 + 4 + (-27 - -9) + -8 + 1 + -16?
0
Calculate -25 + -1 - 1 - (-77 - (-146 - -70)).
-26
What is the value of (0 + 0 - (-5 + (-4 + 25 - 18))) + -49?
-47
Calculate 1 + 186 - (-26202 - -26338).
51
What is -12 + 16 + -36 + 22 - -101?
91
Calculate -3 - (-28 - (-55 - 39)).
-69
What is the value of -2210 - -2271 - (1 - (-1 + (-4 - 1)))?
54
Calculate 39 + 0 - (-34 - (-32 - -15)).
56
What is -194 + 216 + (3 + -16 - 12)?
-3
Calculate -57 - -90 - ((11 - 0) + -6).
28
Evaluate 1 - ((12 - 21) + (-62 - -88)).
-16
68 + -64 - (-3 + (1 + (0 - 2) - 37))
45
What is 482 - 498 - (-18 + -1)?
3
What is the value of 58 + -68 + -61 + 87?
16
(-23 - 125 - 3) + (-100 - -99)
-152
What is the value of -26 - 49 - -24 - -61?
10
What is (28 + 5 + -22 - -11) + 12?
34
Evaluate -3 - -5 - 46 - (-196 + 196).
-44
What is the value of -8 - (-22 - -37 - -7) - -14?
-16
What is the value of (28 - -11) + 1 + -30 - 47?
-37
(121 - (-88 - -149)) + -37
23
What is the value of 794 + -869 - (-3 + -3 + 13 + (1 - -2))?
-85
What is (-13 - (-16 + -18 + 45)) + 60?
36
What is the value of 0 + 44 + (-10 - (-6 + -5 - (10 - 15)))?
40
What is -6 + -45 + 121 + 18 + 11?
99
6 - (0 - -1) - ((-26 - 9) + -48 + 18)
70
Evaluate (-6 - -63) + (22 - 28 - ((-28 - -4) + 7)).
68
16 + (-20 - (9 + -75) - 21)
41
56 + -6 + 75 - 66
59
Calculate -10 + 10 + 11 + -17 + 67 - -12 - -4.
77
Evaluate (-4 + -48 + 34 - 46) + (5 - -2) + 3.
-54
Evaluate 1 - (-7 - (34 + -94)).
-52
What is the value of 3 - (20 - -3) - (-25 - -32)?
-27
What is 0 + -6 + (-144 - (-61 - 14))?
-75
-10 + 182 + 15 + -118
69
Evaluate 29 + 1 + 4 + -38 + 56 + 15.
67
(-4 - -1) + -4 + -43 + -21 + 19 + -8
-60
What is the value of (59 - 1) + -8 + (5 - 4) + 20?
71
Calculate -220 + 262 + (-4 + 2 - -10) - 13.
37
What is 496 + -599 + (0 - -149)?
46
What is -9 - -1 - (-31 + -39 + 13)?
49
Evaluate (4 - (-2 - -1)) + -14 - (15 - (7 + 1)).
-16
What is the value of -923 + 940 - (-6 - (-5 + 70))?
88
7 - ((-1 - 23) + 18 - (9 - 2 - -6))
26
Calculate (-6 - -52) + (-9 + -60 - -38).
15
Evaluate (0 - 51) + (-123 - (-178 - -85)) - (-1 - -11).
-91
Evaluate 23 - (47 - (14 + 49)).
39
(-46 - -123) + -56 - (8 - (2 + 0 + 0))
15
-9 - -176 - 80 - (-1 + -3)
91
Calculate -10 + (13 + -1 - (56 + -46)) + 27.
19
Evaluate -15 + -49 + (-34 - -116).
18
What is the value of 2 + (-1 - -10) - (-5 + (18 - 6))?
4
Calculate (-87 + 89 - (-4 - -8)) + 124 + 2 + 12.
136
What is the value of 24 + -37 + (-78 - -105)?
14
What is the value of -11 + (-8 - 8) + 5 + 1 + -4 + 12?
-13
What is the value of -17 + -3 + (15 - 9) + (-69 + 1 - -67)?
-15
What is the value of 154 + (125 - 22 - 182)?
75
Evaluate (553 - 581) + (-20 - -2) + (-1 - 6).
-53
What is 56 + (67 - 184 - -70)?
9
Evaluate -11 + 59 + 31 + -102.
-23
Evaluate -3 + (17 - 5) + (111 - 136 - -40).
24
Evaluate 5 + -7 + 10 + -17 + 71.
62
What is -92 - (11 - (5 + (9 - -17)))?
-72
Evaluate -7 + 5 + -515 + 588.
71
Calculate (31 - 4 - (338 + -305)) + 85 + -1 + -1.
77
What is (-23 - (12 + (11 - 11))) + 4?
-31
Calculate 52 + -40 - 66 - -2.
-52
What is the value of (25 - (-62 + -24)) + -91?
20
Calculate -171 - (-135 + (-13 - -44)).
-67
What is (307 - 360) + (24 - 5)?
-34
What is the value of -2 + (107 - 63) - -19?
61
Calculate (53 - -2) + (73 - 89) + (1 - -12).
52
10 - (-15 - 4 - -15) - 9 - (-5 - 56)
66
Evaluate 35 + 11 - -1 - 44.
3
22 - (-32 + 39) - (2 + 8)
5
What is -76 + 120 - (-44 + 117)?
-29
What is the value of (5 - -23 - (-16 + 39)) + -78?
-73
Evaluate (-101 - -71) + (39 - 0) + -43.
-34
-13 - (10 - 173 - -33 - -37)
80
What is -1 + 9 - 2 - (-16 + 62 + -17 - 38)?
15
Calculate 17 + 5 + (6 - 5) + -34.
-11
11 + (-23 - -24 - -6) - 34
-16
Evaluate 1670 + -1669 - (5 + -1 - (23 + -6 + -8)).
6
Evaluate (-16 - (-33 - 13)) + (-2 - (11 - (9 + -5))).
21
What is the value of -42 - ((-180 - 12) + 22) - 16?
112
Calculate (8 - (-8 + 10)) + (-15 - -25 - (-47 - -4)).
59
Evaluate -89 + 56 + 24 - -45.
36
Calculate (0 - 5 - -17) + -18 + (0 - -4).
-2
Evaluate -22 + -2 + -44 + 44 - 24.
-48
-27 - ((13 - (-14 + 7)) + 92)
-139
Evaluate 66 + 0 + 4 - (-28 + -15 + 35 + 1).
77
What is the value of 0 - -135 - (2 + (43 - 19) + 11 + -26)?
124
129 + -5 - (213 + -170)
81
What is -53 - (39 + 23 - 67)?
-48
What is the value of (14 - -2) + (6 - (35 + -26)) + -28?
-15
Calculate 8 - (3 - 1 - (1 + -7 + (-7 - -12))).
5
What is the value of 40 + 6 - 3 - (-22 - (4 - 22))?
47
56 + -62 + -22 + 2
-26
What is the value of (132 - -10) + (-5 - 20) + 45 + -17?
145
Evaluate 21 + -5 - (-56 + 33 + 6).
33
Evaluate (-29 - -33) + 30 + -12.
22
What is (-11 - (-55 + 13 + -14 - -15)) + 17?
47
19 + 4 + -34 - (0 - (-2 + 0))
-13
Evaluate (28 - (43 + -18) - -2) + (1 - 4).
2
What is 25 + (-4 + 4 - 16 - (55 + -15))?
-31
Evaluate 125 + -138 - (7 - 11 - -3 - (-2 - 90)).
-104
What is the value of -94 + 6 + (-10 + 76 - 64)?
-86
What is -3 + 20 + -5 + (-6 - -5) + -106?
-95
What is (29 - 62) + 87 - (3 + 5 + 4)?
42
What is (-57 + 115 - 68) + 42?
32
Evaluate 20 + -7 + 47 + (-58 - -8).
10
Evaluate -1 - (-4 + (-1 - -16)) - (-9 + -7) - 8.
-4
What is the value of (-7 - (-13 - (4 + -24) - 16)) + 6?
8
Calculate -4 - (-2 + 39 + -15 + -11) - (-1 + -135).
121
Calculate 12 - (1 + 4 + 9 + -7 + (-11 - -93)).
-77
-24 + 30 + (-69 - -17)
-46
What is -25 - (0 + -3 + 5 + -3) - (-743 + 731)?
-12
What is the value of 0 - (3 + -7) - (-22 - (-10 - (-10 - 1)))?
27
-12 + (28 - 20) + -43 -